-11.
4
What is the value of (6 - 4 - 1) + 0 + 0?
1
Evaluate 9 - (-11 + (27 - 1)).
-6
Calculate -4 + 9 + -6 - 5 - -2.
-4
What is the value of 0 - -1 - (-9 - (-3 + -6))?
1
Calculate 3 + 1 + -24 + 20.
0
Evaluate -2 - (-3 + 0 - -4).
-3
What is -8 - ((6 - (2 + 3)) + -3)?
-6
Calculate -11 + 10 + (0 + 8 - 4).
3
What is 1 + (2 - (1 - 1 - 0))?
3
What is the value of (-36 + 8 - -15) + (-1 - -5)?
-9
Evaluate 0 - (-1 + 6 + -2).
-3
Evaluate 0 + 1 + 4 + (3 - 13).
-5
(-7 - -4) + (-9 - -13)
1
-5 - (2 - (8 + -2))
-1
Calculate -2 + 20 + -11 - 9.
-2
What is 4 + -1 + -10 - -3?
-4
What is -6 - (-3 + -8 - (1 + -6))?
0
What is (22 - 22) + 1 + 2?
3
What is -4 - -3 - 1 - 3?
-5
Calculate -7 + 1 - (-17 - (-8 - 11)).
-8
Calculate 7 - (9 - (4 + -1)).
1
What is -5 - (-2 - (-2 + -4)) - -4?
-5
9 - (24 - (17 + -4))
-2
What is -1 - (10 - 5) - (-4 + 1)?
-3
What is -95 + 104 + -6 + 1 + -2?
2
What is 10 - ((-6 - -6) + 10)?
0
Evaluate 1 - (8 - 0 - 9).
2
Evaluate 2 - (3 + -1 + 1).
-1
What is 6 - (-2 - -11 - 2)?
-1
-1 + 2 + -3 - -1
-1
What is (0 - 1 - -6) + (-2 - 0)?
3
Evaluate 3 - (-1 + 2) - (1 - -3).
-2
48 + -32 - (-1 + 13)
4
Evaluate -25 + 26 + -6 + 2.
-3
Calculate -2 + -3 - (2 - 8).
1
What is the value of (2 - (1 + -6)) + 8 + -7?
8
8 - ((0 - 0) + 5)
3
What is the value of -9 + 8 - (-1 + -1 - 2)?
3
What is (30 - 28) + -8 + 1?
-5
Calculate -5 + -9 + 9 - (-1 - 2).
-2
What is 2 - 4 - (-26 + 21)?
3
Evaluate 18 - ((-12 - -15) + 11).
4
1 + (1 - 0) - 9 - -1
-6
What is -2 - (9 - 4 - 10)?
3
Evaluate 7 - 1 - 3 - (1 + 1).
1
-4 - -3 - (4 - (-1 + 7))
1
What is the value of (-1 - (-1 + -10)) + -19?
-9
Evaluate (2 + (-14 - -5) - -6) + 2.
1
Evaluate 2 - -3 - (1 + 3) - 1.
0
Calculate -3 - (1 + -4 + 3 + -1).
-2
-10 + -5 + 8 - -3
-4
-7 - (-7 + (-1 - -1) + -3)
3
0 + 1 + -4 + -2
-5
Evaluate 6 - -2 - (5 + 6 + 1).
-4
What is 17 + -4 + 5 + -15?
3
Evaluate 3 - ((-1 - 3) + -2 - -5).
4
Calculate -1 + -5 - 3 - -12.
3
What is -7 - ((5 - 7) + -5)?
0
-5 + (-4 - (1 - 8) - 3)
-5
What is 9 + 0 - 1 - 10 - -1?
-1
Calculate 7 - ((18 - 19) + (-1 - -5)).
4
Evaluate 1 + 0 + -2 - (6 + -3).
-4
What is 5 - ((-3 - -12) + 1 + -2)?
-3
What is the value of 0 - (4 - 5) - -3?
4
What is (7 - 9) + -10 - -7?
-5
Calculate -2 + (4 - (6 - (4 + -1))).
-1
What is the value of -10 - ((9 - 14) + -3)?
-2
Evaluate -1 + 5 + (-2 - 3).
-1
What is the value of 2 + 1 - (-2 + 5 + 1)?
-1
Evaluate -7 - -6 - (-11 + 3).
7
What is (2 - (-4 + 2)) + -4?
0
What is the value of 1 + (-6 - -4) + 3 + -3?
-1
Evaluate 4 - 5 - (5 + (-2 - 0)).
-4
-6 + 11 - (2 + 0)
3
What is -4 - 0 - (-28 + 27)?
-3
Calculate 3 - (-2 + (-4 - -4)).
5
Calculate 4 + -3 + 0 + -3.
-2
What is the value of (0 - 0) + 5 + 4 + -10?
-1
What is the value of -14 + (-8 - -19) + -3?
-6
What is the value of 0 + (-3 - (-1 - 1) - -2)?
1
What is -3 + (-2 - 3) + -3 + 13?
2
What is the value of (0 - -4) + (-19 - (-2 - 10))?
-3
What is -1 - (3 - (-1 + 7) - 2)?
4
What is the value of -2 + 6 + (3 - 10)?
-3
-7 - (-10 - -2 - 3)
4
Calculate -5 - (8 + -15 + 4).
-2
What is 9 + -6 + -4 + 4?
3
What is the value of -3 + 1 + (-1 - 0 - 0)?
-3
What is (0 - -3) + 3 + -4?
2
What is the value of -1 + -2 + 13 + (-1 - 8)?
1
Evaluate 9 + -1 - 1 - 5.
2
(23 - 19) + 0 + -2
2
What is the value of (-1 - -4) + -6 + 3 + -2?
-2
What is 1 - 0 - (23 - (-2 + 23))?
-1
3 + (-6 - (-2 + 5)) + 14
8
What is (10 - (6 + -1)) + -4?
1
Calculate 6 + -4 + (12 - 22).
-8
What is 1 + -6 + 6 + (0 - 2)?
-1
2 - (6 - (7 + -4))
-1
What is -2 - 1 - (-5 + (8 - 6))?
0
Evaluate -6 - (-9 + 9 + -3).
-3
What is 3 - (-3 - (4 + -9))?
1
Evaluate 5 + (4 - 0 - 7) + -4.
-2
Evaluate 4 + -4 + (-4 - 1).
-5
What is the value of (-10 - 0 - (1 - 2)) + 3?
-6
Evaluate 2 + -10 + 7 - (3 - -1).
-5
What is 7 + 0 + (-1 - (19 + -8))?
-5
Calculate -3 - ((-4 - -5) + -3).
-1
Evaluate -1 + 1 - 3 - (35 - 35).
-3
What is the value of 0 - (3 - (0 + (-1 - -4)))?
0
-2 + -2 + (2 - 3) - -6
1
Evaluate (-3 + -5 - -2) + 5.
-1
Evaluate -1 - (-2 + 0 + -2 + 1).
2
Evaluate -16 + 6 - -14 - 11.
-7
Calculate 3 - (8 + -1 - 6).
2
Calculate 0 + (-1 - 0) - (-3 + 8).
-6
Evaluate (-8 - -7) + (-1 - (3 - 1)).
-4
What is (-3 - (1 - 1)) + 1?
-2
What is the value of (-4 + 7 - 5) + 6 + -4?
0
1 + -5 - (22 + -8 - 14)
-4
What is the value of 8 - (-5 + 1 - -11)?
1
What is (-9 - (1 + -8 + 5)) + 14?
7
What is the value of -6 - (-9 + 4) - (1 + 3)?
-5
4 + (-16 - -5 - -6) - -2
1
-2 + 1 + -2 - (-29 - -31)
-5
3 + 2 + -1 + 1
5
1 + 2 + 2 - 8
-3
Evaluate 3 - (-2 + 9 + -1).
-3
Evaluate -2 + -6 - (0 - (-7 + 13)).
-2
What is the value of -7 + -1 + (-6 + 2 - -5)?
-7
Evaluate (1 - 7) + 21 + -20.
-5
What is -169 - -171 - (9 - -2 - 2)?
-7
Evaluate -6 + 3 + 1 + -1 - -5.
2
What is 0 + (1 - 0) + (-2 - -6)?
5
What is (0 - 2) + -2 + 4 - -2?
2
What is -11 + 4 - (-11 - 1) - 8?
-3
What is the value of 4 - ((5 - 2) + 0)?
1
Calculate 9 + 5 + 1 + -6 + -3.
6
(0 - (-1 - -5)) + -6
-10
2 + -3 - (6 - 6)
-1
What is the value of 2 + 0 - (-4 + (1 - 0))?
5
What is the value of 1 + -4 + -2 - -8?
3
What is -2 + 1 - (4 - 6) - -5?
6
What is 8 - (0 + (-1 - -12))?
-3
What is (-3 - -4) + 0 + 1?
2
What is 1 + -1 + 14 - (-48 - -52)?
10
What is 12 - 3 - 19 - -4?
-6
What is (-3 - 5) + (7 - 2 - -2)?
-1
What is the value of -6 + (1 + 2 - 0)?
-3
What is 8 - (-6 + 18 - 5)?
1
What is the value of (4 - (4 - 2)) + -3?
-1
What is -1 - -2 - (-2 + 7) - -1?
-3
What is the value of 2 + -8 + 2 + 2?
-2
What is the value of -4 - (6 - (8 - 3))?
-5
Evaluate (-5 - -8) + (2 - 5 - -3).
3
-74 + 64 - (0 + -18)
8
What is the value of (-2 - 0) + 4 - (7 - 6)?
1
What is -2 + (5 - 5) + 0?
-2
What is the value of -6 + 1 + 8 + (-8 - -2)?
-3
What is the value of (-1 - 1 - -3) + -3 + 5?
3
What is the value of (-1 - -2) + 3 + 2 + -4?
2
Calculate -4 - -4 - (-1 - -9).
-8
What is the value of -3 - (13 - 14 - (0 + -2))?
-4
Evaluate 2 + (0 - 0) + -6.
-4
What is -5 + (0 - -2 - (2 - 6))?
1
Evaluate -25 + 22 - (-1 - 0) - 2.
-4
What is the value of 3 + (0 - (3 + -8)) + -3?
5
Evaluate 7 + -9 - (-5 - -6 - 2).
-1
What is 10 + -2 - (-42 - -54)?
-4
What is the value of 7 - (5 + -10 - -9)?
3
Calculate -5 + -1 + 4 + 1 + 2.
1
Calculate -2 + 3 + (6 - 2).
5
Calculate 3 - (1 - -2) - (1 + 2).
-3
-1 - -4 - (-11 + 18)
-4
13 + (6 - 11) - 5
3
0 + -11 - (117 + -123)
-5
266 + -251 + (0 - 12)
3
What is the value of -5 + 11 + (0 - 2)?
4
0 - 0 - (1 + 8 + -5)
-4
Evaluate 5 + 0 + (-3 - 0).
2
Calculate 7 - ((26 - 5) + -7) - -15.
8
4 + -11 + 9 + -4
-2
Calculate 6 + -7 - (0 + -4 + -2).
5
What is 19 + -12 + (4 - 4) + -4?
3
What is -1 - 1 - (5 + -4 - 2)?
-1
Calculate (1 - 0) + (-3 - -8).
6
Evaluate (3 - -2) + -2 + -1 + 1.
3
Evaluate -6 - (6 + 5 + (-6 - 4)).
-7
What is -3 + 4 - (0 - 2 - 1)?
4
4 + (2 - (-3 + 4 - -2))
3
What is the value of -1 + 4 + 1 + -4?
0
Calculate 5 + -10 + 8 + -3.
0
0 + (-13 - -11 - -3)
1
3 - (5 + 6 + -10)
2
What is the value of -4 + -5 + 6 - (-1 + 2)?
-4
What is 2 - -3 - (-18 - -21)?
2
What is 0 + -2 + -6 + 10?
2
(-4 - -1) + (-1 - 1)
-5
Evaluate 1 + -1 + (-5 - 2) - -13.
6
Evaluate 6 - (-3 + -4 - -7 - -3).
3
3 + -3 + -2 - -1
-1
What is (2 - 6) + 2 + 3 + 1?
2
Evaluate -36 + 38 - ((3 - -3) + 0).
-4
What is the value of -1 + 3 + 2 - 4 - 0?
0
Evaluate 3 + (9 - (3 + 1)) + 0.
8
What is (-2 + -3 - -4) + 1?
0
Evaluate -8 - (-1 - (4 - 2)).
-5
What is 2 + 9 + -5 + -3?
3
Calculate (3 - 0) + (-9 - (-1 + -2)).
-3
What is -6 + 12 + -5 + 0 + -4?
-3
Evaluate (3 - (-1 + -2 + 9)) + -2.
-5
Evaluate 63 + -71 + (0 - -7).
-1
Evaluate (-11 - -6) + -1 + 0 + 6.
0
Evaluate 5 + -2 - (-4 + (-2 - -5)).
4
(-6 + 1 - -1) + 4
0
1 + -6 + -2 + (141 - 125)
9
-1 - -5 - (0 + 2)
2
What is the value of -4 - -2 - (0 + -3)?
1
What is the value of -2 + 2 - (-6 - -2)?
4
Calculate 8 + -8 + 5 + -10.
-5
Evaluate (5 - (5 + -8)) + -1 + -3.
4
Evaluate 5 + (2 - (-6 + 14) - 0).
-1
What is 2 + -2 + (60 - 61)?
-1
1 - (4 + -1 + 0)
-2
What is -2 + 2 + (3 - (2 + -2))?
3
What is the value of -4 - (3 - (2 + 2))?
-3
Calculate (-115 - -131) + (-2 - 8).
6
7 - (-3 + -3 + 11)
2
What is the value of (1 - -2) + -1 - 2?
0
(9 - 7) + 1 + 0
3
Evaluate -10 + 6 - (-8 - -3).
1
Evaluate (-17 - (12 + -19)) + (0 - -6).
-4
Evaluate 7 + 6 + -4 + 2 + -6.
5
What is the value of 2 + 3 + (0 - (8 + -3))?
0
What is the value of 1 - (-4 + 2 - (-10 - -5))?
-2
-3 + (9 - (10 - 3 - 5))
4
What is (3 + 0 - 7) + 5 + 1?
2
Calculate 2 + 8 - (80 - 71).
1
Calculate (-5 - 11) + (1 - -8).
-7
-3 - (-